14)). Suppose -8*u + k*u + r = 0. List the prime factors of u.
2, 19
Let z = -28 + 28. Suppose z*a - 6*a = -768. Let s = a + -50. List the prime factors of s.
2, 3, 13
Let n be (1 + 1/(-3))/((-33)/14850). Let b = n - -521. List the prime factors of b.
13, 17
Let o = -45333 + 89813. What are the prime factors of o?
2, 5, 139
Let h be -10*(-2 - 21/14). Let p = 222 + h. List the prime factors of p.
257
Let r(o) = o**3 + o**2 + o + 1. Let y be r(-1). Suppose -z = i + 5 - y, -2*z + 5*i - 45 = 0. What are the prime factors of (4/20 - 3)*z?
2, 7
Let y = 4 + -1. Let f(s) = 3*s**3 - 20*s**2 - 28*s + 153. Let w be f(7). Suppose w = -y*x + 804. What are the prime factors of x?
2, 7, 19
Let l be 2/((-12)/(-40)*(-4)/3). Let r be (-2)/5 - 682/l. Let b = r + -88. What are the prime factors of b?
2, 3
List the prime factors of 2*(6083 + 11/(-286)*-13).
23
Suppose -2*v + 2*a = 2 - 52, -3*v + 5*a + 83 = 0. Suppose -23*y = -5*h - v*y + 3045, 3*h - 1858 = -5*y. What are the prime factors of h?
13, 47
Let u = -18705 + 26898. List the prime factors of u.
3, 2731
Let a(h) = 13*h**2 - 4*h - 3. Let c be a(-2). Let m be -4 - (-3 - c - 0). What are the prime factors of (33/6)/(4/m)?
7, 11
Suppose 326*n = 386*n - 489300. What are the prime factors of n?
5, 7, 233
Suppose -13 = -s + 2*i, -s + 9 = -3*s - 3*i. Suppose s*f = l - 170 - 45, -390 = -2*l - 2*f. List the prime factors of l.
2, 5
Let v(c) = -27*c - 64. Let x = -319 + 310. What are the prime factors of v(x)?
179
Suppose 2*a + 2982 = 2*z, 0 = -5*z - 4*a + 7233 + 204. Suppose 3*t + 18*c = 13*c + z, c = 2. What are the prime factors of t?
17, 29
Let w = 69 + -54. Suppose 2*a - 5000 = -3*h, -4*h - w*a + 19*a = -6680. List the prime factors of h.
2, 3, 139
Suppose -5*n = -10*n + 34*n. Suppose -2*r - 5*a + 3371 = n, 0*r + 5*r - 3*a - 8381 = 0. List the prime factors of r.
2, 839
Let t(m) = 32*m**2 + 2*m + 59. Let u be t(7). Suppose g = a + 829 - 11, 2*g - u = -3*a. List the prime factors of g.
3, 7, 13
Suppose 0 = -47*v - v + 240. Suppose 2*o = 3*c - 4, 6*c - 3*c = -o + 16. Suppose i - 118 = o*w + 28, v*i - 3*w - 730 = 0. List the prime factors of i.
2, 73
Let v(f) = 5*f**2 - 85*f + 1470. What are the prime factors of v(15)?
2, 3, 5, 11
Suppose 1025778 = 12*a + 260562. List the prime factors of a.
2, 3, 2657
Let i(c) = -13*c**2 + 3*c + 43. Let v(s) = -7*s**2 + 2*s + 21. Let t(r) = -4*i(r) + 7*v(r). What are the prime factors of t(4)?
31
Suppose -11376 = -3*s + 12687. List the prime factors of s.
13, 617
Let o be (-5 + 12 - 1) + -3. Suppose 0 = 11*a - 6*a - u - 3708, 5*a = o*u + 3704. List the prime factors of a.
2, 7, 53
Let f(i) = -4*i**2 - 20*i - 12. Let k be f(-14). Let h = -45 - k. What are the prime factors of h?
3, 157
Suppose 6*z = 13 + 29. Suppose 3*w - 1185 = 5*f - z*f, 0 = 4*f. What are the prime factors of w?
5, 79
Suppose 4*t + 2395 = 6*t + a, 3*a = 5*t - 5982. List the prime factors of t.
3, 7, 19
Let u(l) = 6*l**3 - 4*l**2 + 10*l - 11. Suppose -5*k + 15*k - 50 = 0. What are the prime factors of u(k)?
13, 53
Let j be (110/(-14) + 7)/((-3)/14). Suppose -j*p = -7*p - 5*t + 2407, 0 = t + 4. List the prime factors of p.
809
Let w(k) be the first derivative of 1/3*k**3 - 52 + 3*k - 2*k**2 + 261/4*k**4. What are the prime factors of w(1)?
3, 29
Let f = -33059 - -48390. What are the prime factors of f?
15331
Let j(r) = -28*r**3 - r**2 + 16*r + 17. Let m = -312 - -309. What are the prime factors of j(m)?
2, 179
Let x be 20/10*1/(-3)*3. Let h(n) = -480*n + 108. List the prime factors of h(x).
2, 3, 89
Let o(x) = -2*x**2 - 12*x - 12. Let v be o(-4). Suppose 0 = v*g + 4*g - 288. Let a = g + 13. What are the prime factors of a?
7
Let a be (-4)/16*-92*(20 - 1). Let x = a + 383. What are the prime factors of x?
2, 5, 41
Let x be ((-1)/(-1))/((-14)/(-42)). Suppose -2*j + 0*l + 765 = -x*l, 5*j - 4*l = 1930. What are the prime factors of j?
2, 3, 5, 13
Let o(j) = -2*j**3 + 26*j**2 - 42*j - 906. What are the prime factors of o(-18)?
2, 3, 3323
Let p(r) = 65*r - 39. Let z(f) = 22*f - 13. Let a(k) = 6*p(k) - 17*z(k). What are the prime factors of a(1)?
3
Suppose -2*z + 4 = 0, -4*z + 0 = -5*o - 8. Suppose -372 = -4*m + 4*f, -3*m + 6*m + 3*f - 309 = o. Suppose 3*d = m + 88. What are the prime factors of d?
2, 31
Let z be (-4)/(-3) + (-24800)/24 + 9. List the prime factors of 2/((-4)/z) - 4/8.
7, 73
Let y = 105271 + -40205. List the prime factors of y.
2, 32533
Suppose 2*i - 1316 - 355 = 3*m, 2*i + 2785 = -5*m. Let x = -140 - m. What are the prime factors of x?
3, 139
Let f(o) = 172*o + 4. Suppose 0 = 5*p - 5*c + 19 - 14, -3*p - 7 = -5*c. List the prime factors of f(p).
2, 11
Let q be (-4)/((168/44 + -4)/(-1)). Let w = 28 + q. List the prime factors of -4 - ((-4)/w + (-1230)/45).
2, 3
Suppose -67*h - b = -63*h - 30039, h - 7509 = -b. List the prime factors of h.
2, 5, 751
Let q(i) = -i**3 + 5*i**2 + 14*i + 4. Let g be q(7). Suppose 6 = 3*o, g*k - o - 4*o - 30 = 0. What are the prime factors of k?
2, 5
Let p(u) = 18*u + 105. Let g(i) = -12*i + 3. Let z be g(-1). What are the prime factors of p(z)?
3, 5
Let f = -2224 + 3841. Suppose -303 - 110 = -d - u, f = 4*d - 3*u. What are the prime factors of d?
2, 3, 17
Let n(t) = -4*t + 21. Let f be n(5). Let p(q) = 114*q**3 + 4*q**2 - 6*q + 2. What are the prime factors of p(f)?
2, 3, 19
Let y be (3 + (-5 - -3))*-114. Let r = -109 - y. Suppose -139 = -3*u - 4*g + 207, 2*g - 572 = -r*u. List the prime factors of u.
2, 3, 19
Suppose 4*v - 5*t + 1388 = 0, 7*v = 3*v + 3*t - 1380. Let g = 815 + v. What are the prime factors of g?
11, 43
Let o = 20933 + -14878. What are the prime factors of o?
5, 7, 173
Let g(u) = 3*u - 45. Let s be g(12). Let n(h) = -h**3 - 6*h**2 - 46*h - 7. List the prime factors of n(s).
2, 5, 13
Suppose -2435*l = -2465*l + 1585260. What are the prime factors of l?
2, 3, 8807
What are the prime factors of (-15185 + (-15)/(-3))*10/(-8)?
3, 5, 11, 23
Let c be 69/6*1672/19. Let p = c - 652. List the prime factors of p.
2, 3, 5
Let h(a) = -5*a + 80. Let m be h(15). Suppose 4*z + 0*z + m*v - 797 = 0, -2*z - 3*v = -401. List the prime factors of z.
193
Suppose -s - 56696 = -5*q + 211544, 0 = -7*s + 35. List the prime factors of q.
3, 1987
Suppose 5*x + i - 941 = 0, 9*x - 7*x + 2*i - 370 = 0. Suppose -184*s - 550 = -x*s. What are the prime factors of s?
2, 5, 11
Suppose 11431 = 17*p - 1166. Suppose 0 = 2*n + 3*q - p - 1034, -n - q = -889. What are the prime factors of n?
2, 223
Let y = 309 - 314. What are the prime factors of (-60)/(-8)*(-716)/y?
2, 3, 179
Suppose 258061 + 295533 = 74*a. What are the prime factors of a?
7481
Suppose -26*p - 38*p - 99351 = -83*p. List the prime factors of p.
3, 7, 83
Let p = 610 + -1307. Let g = 1148 + p. What are the prime factors of g?
11, 41
Suppose -28*s = -4*y - 25*s + 92830, 0 = -4*y + 2*s + 92836. List the prime factors of y.
2, 7, 829
Suppose -4*j + 134 = -3*q, -6*q - j = -7*q - 45. Let o = 700 + q. What are the prime factors of o?
2, 3, 109
Let r(j) = -j**3 + 2*j**2 - 98. Let f be r(0). Let w = f + 95. What are the prime factors of w/(-6) + 350/4?
2, 11
Suppose 0 = -3*x + 2*x + 5*a + 14, 3*a + 7 = 2*x. Let f be (-3 + 1 + 9)/(x + 0). List the prime factors of 174 + 0 + 0 + (f - -6).
173
Let k be -5*(-1)/1*1/1. Suppose 4*d = -k*y + d + 13, 5*y + d - 21 = 0. Suppose y*l - 699 = s - 2*s, -l + 4*s = -123. List the prime factors of l.
139
What are the prime factors of 4/11 - 3430620/(-165)?
2, 23, 113
Let g(r) = 12*r**2 + 57*r - 350. What are the prime factors of g(-43)?
19387
Let k(h) = 17*h**3 - 6*h**2 + 6*h + 43. List the prime factors of k(10).
3, 5501
Suppose x + 9 = -5*r, -3*r + r = x + 3. List the prime factors of ((2 - -3)/5)/(x/413).
7, 59
Let g be 1*(26 - 24/4) - 0. Let v(w) = 5*w + 2*w + 33 - 4*w. List the prime factors of v(g).
3, 31
Let s = 8378 - 8348. Let z = 48 + -20. Suppose z*g = s*g - 274. What are the prime factors of g?
137
Suppose 0 = 9*v - 8515 - 11447. Suppose v + 284 = 3*j. List the prime factors of j.
2, 3, 139
List the prime factors of ((-58)/(-812) - (-246119)/14) + -3.
3, 7, 31
Suppose 29*l - 827580 = -119*l - 8*l. List the prime factors of l.
5, 1061
List the prime factors of (-260)/((-10 - 3215/(-645)) + 5).
2, 3, 5, 13, 43
Let a(g) = g**3 - 14*g**2 + 11*g + 29. Let k be a(13). Let q be -8 - -3*(-2 + k). List the